{"id":1971,"date":"2025-10-25T13:48:11","date_gmt":"2025-10-25T13:48:11","guid":{"rendered":"https:\/\/psimport.store\/?product=splash-fantasy-ambientador-limon-300ml"},"modified":"2025-10-29T19:13:29","modified_gmt":"2025-10-29T19:13:29","slug":"splash-fantasy-ambientador-limon-300ml","status":"publish","type":"product","link":"https:\/\/psimport.store\/?product=splash-fantasy-ambientador-limon-300ml","title":{"rendered":"Ariel Detergente L\u00edquido Actilift 30 dosis"},"content":{"rendered":"<p>Ambientador Splash Fantasy con fragancia fresca a lim\u00f3n. Marca Zelnova Zeltia Espa\u00f1a.<\/p>\n","protected":false},"excerpt":{"rendered":"<p>Ambientador Splash Fantasy fragancia lim\u00f3n<\/p>\n","protected":false},"featured_media":2398,"template":"","meta":[],"product_brand":[],"product_cat":[267,269],"product_tag":[],"class_list":{"0":"post-1971","1":"product","2":"type-product","3":"status-publish","4":"has-post-thumbnail","6":"product_cat-ariel","7":"product_cat-liquido","9":"first","10":"instock","11":"shipping-taxable","12":"purchasable","13":"product-type-simple"},"_links":{"self":[{"href":"https:\/\/psimport.store\/index.php?rest_route=\/wp\/v2\/product\/1971","targetHints":{"allow":["GET"]}}],"collection":[{"href":"https:\/\/psimport.store\/index.php?rest_route=\/wp\/v2\/product"}],"about":[{"href":"https:\/\/psimport.store\/index.php?rest_route=\/wp\/v2\/types\/product"}],"version-history":[{"count":1,"href":"https:\/\/psimport.store\/index.php?rest_route=\/wp\/v2\/product\/1971\/revisions"}],"predecessor-version":[{"id":2262,"href":"https:\/\/psimport.store\/index.php?rest_route=\/wp\/v2\/product\/1971\/revisions\/2262"}],"wp:featuredmedia":[{"embeddable":true,"href":"https:\/\/psimport.store\/index.php?rest_route=\/wp\/v2\/media\/2398"}],"wp:attachment":[{"href":"https:\/\/psimport.store\/index.php?rest_route=%2Fwp%2Fv2%2Fmedia&parent=1971"}],"wp:term":[{"taxonomy":"product_brand","embeddable":true,"href":"https:\/\/psimport.store\/index.php?rest_route=%2Fwp%2Fv2%2Fproduct_brand&post=1971"},{"taxonomy":"product_cat","embeddable":true,"href":"https:\/\/psimport.store\/index.php?rest_route=%2Fwp%2Fv2%2Fproduct_cat&post=1971"},{"taxonomy":"product_tag","embeddable":true,"href":"https:\/\/psimport.store\/index.php?rest_route=%2Fwp%2Fv2%2Fproduct_tag&post=1971"}],"curies":[{"name":"wp","href":"https:\/\/api.w.org\/{rel}","templated":true}]}}